{"id":175,"date":"2016-01-25T08:52:25","date_gmt":"2016-01-25T06:52:25","guid":{"rendered":"http:\/\/murphysoft.net.pl\/?page_id=175"},"modified":"2019-07-11T18:13:34","modified_gmt":"2019-07-11T16:13:34","slug":"emea","status":"publish","type":"page","link":"https:\/\/murphysoft.pl\/?page_id=175","title":{"rendered":"E-MEA &#038; E-CADENCIER"},"content":{"rendered":"\n\n<p><span style=\"font-family: Verdana; font-size: small;\"><br>Pliki do pobrania znajduj\u0105 si\u0119 <a href=\"https:\/\/murphysoft.pl\/pricechecker\/\" target=\"_blank\" rel=\"noopener noreferrer\">tutaj<\/a><\/span><\/p>\n<p><span style=\"font-family: Verdana; font-size: small;\"><a href=\"https:\/\/murphysoft.pl\/forum\">Forum u\u017cytkownik\u00f3w E-MEA i E-CADENCIER<\/a><\/span><\/p>\n<p><!-- \n\n<p>[huge_it_forms id=\"8\"]<\/p>\n\n\n\n\n<p>--&gt;<\/p>\n\n\n<\/p>--><\/p>","protected":false},"excerpt":{"rendered":"<p>Pliki do pobrania znajduj\u0105 si\u0119 tutaj Forum u\u017cytkownik\u00f3w E-MEA i E-CADENCIER<\/p>\n","protected":false},"author":2,"featured_media":0,"parent":0,"menu_order":1,"comment_status":"closed","ping_status":"closed","template":"","meta":{"footnotes":""},"class_list":["post-175","page","type-page","status-publish","hentry"],"_links":{"self":[{"href":"https:\/\/murphysoft.pl\/index.php?rest_route=\/wp\/v2\/pages\/175","targetHints":{"allow":["GET"]}}],"collection":[{"href":"https:\/\/murphysoft.pl\/index.php?rest_route=\/wp\/v2\/pages"}],"about":[{"href":"https:\/\/murphysoft.pl\/index.php?rest_route=\/wp\/v2\/types\/page"}],"author":[{"embeddable":true,"href":"https:\/\/murphysoft.pl\/index.php?rest_route=\/wp\/v2\/users\/2"}],"replies":[{"embeddable":true,"href":"https:\/\/murphysoft.pl\/index.php?rest_route=%2Fwp%2Fv2%2Fcomments&post=175"}],"version-history":[{"count":26,"href":"https:\/\/murphysoft.pl\/index.php?rest_route=\/wp\/v2\/pages\/175\/revisions"}],"predecessor-version":[{"id":313,"href":"https:\/\/murphysoft.pl\/index.php?rest_route=\/wp\/v2\/pages\/175\/revisions\/313"}],"wp:attachment":[{"href":"https:\/\/murphysoft.pl\/index.php?rest_route=%2Fwp%2Fv2%2Fmedia&parent=175"}],"curies":[{"name":"wp","href":"https:\/\/api.w.org\/{rel}","templated":true}]}}